lse
Is 186569 composite?
False
Is 4307 a prime number?
False
Is 5223 a composite number?
True
Is 25819 a composite number?
False
Is 2767 composite?
False
Is 4103 a prime number?
False
Is 94903 a composite number?
False
Is 1192377 composite?
True
Is 644365 a prime number?
False
Is 21503 a prime number?
True
Is 8443 a composite number?
False
Is 1981 a prime number?
False
Is 77849 composite?
False
Is 122443 composite?
False
Is 11359 composite?
True
Is 85846 a composite number?
True
Is 848507 a prime number?
False
Is 12227 a prime number?
True
Is 35887 a prime number?
False
Is 552283 prime?
True
Is 18749 a composite number?
False
Is 435751 composite?
False
Is 530947 a composite number?
False
Is 61441 a prime number?
True
Is 62863 prime?
False
Is 126347 prime?
False
Is 5305 a composite number?
True
Is 64121 a prime number?
False
Is 74843 a prime number?
True
Is 2407 a prime number?
False
Is 41186 prime?
False
Is 14414 a prime number?
False
Is 73241 a prime number?
False
Is 345955 composite?
True
Is 18593 composite?
False
Is 494281 a prime number?
True
Is 308029 a composite number?
True
Is 23969 prime?
False
Is 6947 prime?
True
Is 10937 a prime number?
True
Is 181957 prime?
True
Is 27427 composite?
False
Is 23957 a composite number?
False
Is 157 a composite number?
False
Is 52385 prime?
False
Is 169019 a composite number?
False
Is 427579 composite?
False
Is 84415 a prime number?
False
Is 21179 a prime number?
True
Is 1837 a composite number?
True
Is 249181 composite?
False
Is 116069 composite?
True
Is 5581 prime?
True
Is 229562 a composite number?
True
Is 161159 a prime number?
True
Is 41491 prime?
True
Is 88699 a prime number?
False
Is 29594 a prime number?
False
Is 127691 prime?
True
Is 1432337 composite?
True
Is 13319 a composite number?
True
Is 188393 composite?
True
Is 1600603 a composite number?
False
Is 262313 a composite number?
False
Is 272361 a composite number?
True
Is 37403 a prime number?
False
Is 25937 a composite number?
True
Is 2277501 a prime number?
False
Is 446815 a prime number?
False
Is 887206 composite?
True
Is 18383 prime?
False
Is 220895 a prime number?
False
Is 19369 a prime number?
False
Is 4501 a composite number?
True
Is 4561 a prime number?
True
Is 33107 prime?
True
Is 53113 a prime number?
True
Is 127637 a composite number?
False
Is 9767 a composite number?
False
Is 56174 prime?
False
Is 3687697 a composite number?
True
Is 53287 a prime number?
False
Is 231631 composite?
False
Is 3269327 composite?
False
Is 15349 a composite number?
False
Is 2481 composite?
True
Is 8491 composite?
True
Is 103081 a prime number?
False
Is 739 composite?
False
Is 2643059 a composite number?
False
Is 510449 composite?
False
Is 102218 prime?
False
Is 162121 prime?
False
Is 72211 prime?
True
Is 365786 a composite number?
True
Is 6761 composite?
False
Is 2041 a prime number?
False
Is 37255 composite?
True
Is 345545 a composite number?
True
Is 3349 composite?
True
Is 259 a prime number?
False
Is 3223 composite?
True
Is 14441 a prime number?
False
Is 4039 a prime number?
False
Is 18273 a composite number?
True
Is 105614 a composite number?
True
Is 64445 composite?
True
Is 202859 prime?
True
Is 465889 a prime number?
False
Is 494587 prime?
True
Is 1011837 a prime number?
False
Is 37711 a composite number?
True
Is 86401 a prime number?
False
Is 3943 a composite number?
False
Is 2833 a prime number?
True
Is 158303 a composite number?
False
Is 46823 a composite number?
True
Is 106591 composite?
False
Is 227987 prime?
False
Is 23423 a composite number?
True
Is 3899 prime?
False
Is 263845 composite?
True
Is 52147 a composite number?
False
Is 182987 composite?
True
Is 12827 composite?
True
Is 132817 composite?
False
Is 629 prime?
False
Is 2219 composite?
True
Is 1243691 prime?
True
Is 3607 prime?
True
Is 43603 a prime number?
False
Is 9413 a composite number?
False
Is 109937 composite?
False
Is 6779 composite?
False
Is 44449 prime?
True
Is 114983 prime?
False
Is 1470799 composite?
True
Is 38543 prime?
True
Is 31319 a composite number?
False
Is 756943 prime?
False
Is 10663 a composite number?
False
Is 116579 prime?
True
Is 1657 a composite number?
False
Is 5261 composite?
False
Is 29621 a composite number?
True
Is 64151 a prime number?
True
Is 10541 prime?
False
Is 17819 a prime number?
False
Is 32647 a composite number?
False
Is 70601 a prime number?
False
Is 4103 composite?
True
Is 20903 a prime number?
True
Is 1737809 a prime number?
True
Is 37399 a composite number?
True
Is 306699 a composite number?
True
Is 347561 composite?
False
Is 1103 composite?
False
Is 1008403 a composite number?
True
Is 2017 a prime number?
True
Is 153379 a composite number?
False
Is 8143 prime?
False
Is 8179 composite?
False
Is 139651 prime?
False
Is 131891 prime?
True
Is 841637 prime?
True
Is 22189 prime?
True
Is 1319378 composite?
True
Is 409 composite?
False
Is 1590047 a prime number?
True
Is 42191 a composite number?
True
Is 785141 prime?
False
Is 25439 a composite number?
False
Is 394645 a prime number?
False
Is 102959 composite?
True
Is 77342 a prime number?
False
Is 25943 a composite number?
False
Is 10541 a prime number?
False
Is 3943 a composite number?
False
Is 15227 composite?
False
Is 414217 a prime number?
True
Is 4307 composite?
True
Is 4817 a composite number?
False
Is 2161949 composite?
False
Is 325987 composite?
False
Is 130574 a composite number?
True
Is 8197 composite?
True
Is 4388289 a prime number?
False
Is 8359 prime?
False
Is 20011 a prime number?
True
Is 3204557 prime?
True
Is 30427 composite?
False
Is 86939 composite?
False
Is 3672302 a composite number?
True
Is 17943 a composite number?
True
Is 257965 a composite number?
True
Is 776995 composite?
True
Is 6227959 composite?
False
Is 519677 a composite number?
True
Is 9797 a composite number?
True
Is 258203 a composite number?
True
Is 5042095 prime?
False
Is 20053 a prime number?
False
Is 2762909 composite?
False
Is 985691 prime?
False
Is 128717 composite?
False
Is 18113 a prime number?
False
Is 8813 a composite number?
True
Is 65497 prime?
True
Is 1293 a composite number?
True
Is 48385 prime?
False
Is 195785 a composite number?
True
Is 10847 prime?
True
Is 724879 a prime number?
True
Is 681157 composite?
True
Is 704141 prime?
True
Is 192029 composite?
False
Is 405911 a composite number?
True
Is 200807 a prime number?
True
Is 38746 a prime number?
False
Is 187897 a composite number?
False
Is 67003 a prime number?
True
Is 59113 composite?
False
Is 397 composite?
False
Is 164789 prime?
True
Is 17543 a composite number?
True
Is 14257 prime?
False
Is 12439 a composite number?
True
Is 25261 a prime number?
True
Is 38371 a composite number?
False
Is 127997 composite?
False
Is 115657 a composite number?
False
Is 1069 prime?
True
Is 15727 prime?
True
Is 1969697 a prime number?
False
Is 266495 prime?
False
Is 182037 prime?
False
Is 5539 a prime number?
False
Is 5027 composite?
True
Is 164953 a composite number?
False
Is 193119 prime?
False
Is 8623 prime?
True
Is 3047 a composite number?
True
Is 219169 composite?
False
Is 1353329 a composite number?
False
Is 2979967 prime?
True
Is 67583 composite?
True
Is 13747 composite?
True
Is 254321 a prime number?
False
Is 1862317 a prime number?
True
Is 132767 prime?
False
Is 6733 composite?
False
Is 160861 prime?
True
Is 973253 a composite number?
False
Is 379963 composite?
False
Is 7117 a prime number?
False
Is 445231 prime?
False
Is 929 composite?
False
Is 667 composite?
True
Is 301123 a composite number?
False
Is 214486 composite?
True
Is 461717 a prime number?
True
Is 499649 a prime number?
True
Is 106853 a composite number?
False
Is 149507 a composite number?
True
Is 10331 a prime number?
True
Is 8641 prime?
True
Is 28777 a prime number?
False
Is 5003 a composite number?
False
Is 287669 prime?
True
Is 6718 composite?
True
Is 294629 a prime number?
True
Is 215051 a composite number?
False
Is 5519 prime?
True
Is 3453 a prime number?
False
Is 110809 prime?
False
Is 7057 a composite number?
False
Is 345281 a prime number?
False
Is 123373 prime?
True
Is 28641 a composite number?
True
Is 5627 a prime number?
False
Is 11959 prime?
True
Is 61627 a prime number?
True
Is 11519 a prime number?
True
Is 664442 a composite number?
True
Is 201415 a prime number?
False
Is 43 